
In base 13, what is 198803 - -a53?
199556
In base 9, what is -140 + -7452?
-7602
In base 5, what is 342 - 11232342?
-11232000
In base 8, what is 45 + -6766536?
-6766471
In base 7, what is -100624 - -11?
-100613
In base 3, what is -212110121111 - 1020?
-212110122201
In base 9, what is -6843 - -443?
-6400
In base 4, what is -21213113002 - -2?
-21213113000
In base 8, what is 401 + -637007?
-636406
In base 5, what is -20421 - -1303113?
1232142
In base 12, what is -1a013 - 101a?
-1b031
In base 6, what is -1033304312 - -5?
-1033304303
In base 4, what is -1033 + -11201201020?
-11201202113
In base 3, what is 102102201121 + -1110220?
102101020201
In base 2, what is -100011111110010101 + 101000?
-100011111101101101
In base 4, what is 2 - -132212202322?
132212202330
In base 11, what is 6 - 23507803?
-235077a8
In base 5, what is -1111310 - 1241?
-1113101
In base 10, what is 25 + 1503636?
1503661
In base 8, what is -15752414 - 21?
-15752435
In base 6, what is -153445 - 131201?
-325050
In base 13, what is -5 - -278b34?
278b2c
In base 3, what is -1021201 - -1200022?
101121
In base 15, what is e2a + 22c0?
31ea
In base 2, what is -11011101 - -1100110100010011101?
1100110011111000000
In base 12, what is -b00 + -67037?
-67b37
In base 11, what is 5800a4464 + -1?
5800a4463
In base 14, what is 0 - 1964c56?
-1964c56
In base 8, what is 100 + -3703?
-3603
In base 13, what is -767a1 + 19?
-76785
In base 6, what is 111335042 - -4135?
111343221
In base 7, what is -4 - 616360014?
-616360021
In base 3, what is -11 - -1000112100101021?
1000112100101010
In base 6, what is -3101050 + 134?
-3100512
In base 15, what is 51 + 1905de?
190640
In base 10, what is 3567888 - -17?
3567905
In base 3, what is 11 + 121102011110211?
121102011110222
In base 13, what is a534 - -c88?
b4bc
In base 11, what is 7952 - 436?
7517
In base 9, what is -57 - 5481237?
-5481305
In base 15, what is a9eae - -cc?
aa08b
In base 2, what is -11100010111101111000 - 10000111110?
-11100011001110110110
In base 5, what is 1021403011001 + 3?
1021403011004
In base 4, what is 2132300233221 - 120?
2132300233101
In base 8, what is -6524721 + 1?
-6524720
In base 8, what is 7616 + -10642?
-1024
In base 12, what is -ab3 + -5991?
-6884
In base 9, what is -3 + -2525753?
-2525756
In base 12, what is 1a8b57 + 2b?
1a8b86
In base 2, what is 11100110101010100 - -1000000110?
11100111101011010
In base 15, what is -450 + -ac4?
-1024
In base 11, what is 45461 - -125?
45586
In base 10, what is -7369 - 8762?
-16131
In base 7, what is 26 + 4340100?
4340126
In base 2, what is -11010011101010111 - 111101?
-11010011110010100
In base 12, what is -558460 - -3b?
-558421
In base 8, what is 362361 + -150?
362211
In base 13, what is -487 - 21429?
-218b3
In base 13, what is -a97 + -28b0?
-3677
In base 9, what is 0 - -64051437?
64051437
In base 2, what is 10011100101111 - 10101111100?
10000110110011
In base 16, what is -a709fb + -b?
-a70a06
In base 4, what is 11 - -10021223020033?
10021223020110
In base 12, what is -48605 - -3479?
-45148
In base 7, what is -641151104 + -5?
-641151112
In base 12, what is -123 + -34ba94?
-34bbb7
In base 8, what is -6466 + 2363?
-4103
In base 6, what is 4 + -1330011520?
-1330011512
In base 2, what is -100 + -10010000011001100011110?
-10010000011001100100010
In base 15, what is -d - 10a3dd4?
-10a3de2
In base 15, what is 1759d + -1b9?
173d4
In base 7, what is 2665 - 15044?
-12046
In base 14, what is -18 - 13cd42?
-13cd5a
In base 8, what is -3435602 - -215?
-3435365
In base 7, what is 110414012 - -12?
110414024
In base 12, what is 5 - 178334?
-17832b
In base 12, what is -92722 + 264?
-9247a
In base 5, what is -113223 + 243032?
124304
In base 3, what is -210212010001212221 + -11?
-210212010001220002
In base 9, what is -5 - -558858?
558853
In base 7, what is -1326613132 + -3?
-1326613135
In base 13, what is -5 + 17ccac?
17cca7
In base 11, what is 13 + 196a6?
19709
In base 14, what is 24 + -11c510?
-11c4ca
In base 9, what is 206662 - -560?
207332
In base 2, what is -111110001110111 - 110010001?
-111111000001000
In base 15, what is 1d0052 + 5?
1d0057
In base 13, what is -2 + 25a23?
25a21
In base 10, what is 73 + 56233?
56306
In base 5, what is 0 + -11104430224?
-11104430224
In base 13, what is cb + -229c79?
-229b7b
In base 16, what is -35a46 + 17c5?
-34281
In base 2, what is 1010 + 1100000110110011100111?
1100000110110011110001
In base 5, what is -1 + -20221240434?
-20221240440
In base 14, what is 3782 - 2bd?
34a3
In base 16, what is -2f - -6dcac?
6dc7d
In base 15, what is -1bac + -557?
-2214
In base 12, what is 5446516b - -4?
54465173
In base 9, what is -543072 + -37?
-543120
In base 13, what is -614594 - -2b?
-614566
In base 12, what is -3809117 - 3?
-380911a
In base 6, what is 1453 - -321141?
323034
In base 16, what is 2c + -15138c?
-151360
In base 8, what is -250656566 + -12?
-250656600
In base 7, what is -3 - 360250?
-360253
In base 9, what is 1121887 + -20?
1121867
In base 12, what is -85 + 1a4?
11b
In base 10, what is 1 - 56105146?
-56105145
In base 15, what is 3 + 1514bd0?
1514bd3
In base 10, what is -2 + -866654?
-866656
In base 8, what is -1531 - -35050?
33317
In base 10, what is 64603 - 323?
64280
In base 5, what is -14304322403 + 132?
-14304322221
In base 11, what is -1090 - 3641a?
-374aa
In base 9, what is -13181 + -32373?
-45564
In base 13, what is 14c9 - -4bb?
19b7
In base 3, what is 10202200001211 - -11010?
10202200012221
In base 7, what is -5 - -102353162?
102353154
In base 16, what is 4a1edd03 + 4?
4a1edd07
In base 2, what is 1101111000110110 + 100011?
1101111001011001
In base 7, what is -11006 - 11160?
-22166
In base 6, what is 2444 + 144231?
151115
In base 16, what is 1e54 - 1179?
cdb
In base 12, what is 5 - 647396a?
-6473965
In base 4, what is 303233003 + 201?
303233210
In base 5, what is -104421 - 20301?
-130222
In base 10, what is 32115 - 8987?
23128
In base 13, what is 5 + -b3c476?
-b3c471
In base 14, what is 1937b - -d?
1938a
In base 3, what is -1 + -11210022020?
-11210022021
In base 10, what is 3 + -2441016?
-2441013
In base 14, what is -44 - -183a92?
183a4c
In base 10, what is 275683 + -152?
275531
In base 9, what is 611150 - 1601?
608448
In base 12, what is -1271 - -3705?
2454
In base 3, what is -102000 + 2010002002?
2002200002
In base 3, what is -2 - 22222121100211?
-22222121100220
In base 16, what is 1ab - 1edce?
-1ec23
In base 14, what is -2 + 431307?
431305
In base 7, what is 2023605350 + 0?
2023605350
In base 12, what is 2131a3 - -33?
213216
In base 12, what is 22569 + -883?
218a6
In base 7, what is -1124 - 32632?
-34056
In base 16, what is 28e6f6 - -7?
28e6fd
In base 11, what is -8 + 256399?
256391
In base 13, what is -10 - 848434?
-848444
In base 6, what is 15 - 5533024?
-5533005
In base 3, what is 200000202 + 20012?
200020221
In base 2, what is -100000110010 + 1000010010001?
100001011111
In base 7, what is 5 - -353104223?
353104231
In base 9, what is -3 - 3581816?
-3581820
In base 14, what is -7b2 - 981?
-1353
In base 5, what is -300202 - 243100?
-1043302
In base 3, what is -1011 - 110100010212112?
-110100010220200
In base 15, what is -2e15b92 + 4?
-2e15b8d
In base 7, what is -211645242 - -12?
-211645230
In base 9, what is 78751 + -3272?
75468
In base 4, what is -2130202010103 + 11?
-2130202010032
In base 13, what is 667bc - -5b?
6684a
In base 14, what is 91 - -3c5236?
3c52c7
In base 7, what is 163 + -26034032?
-26033536
In base 11, what is 20189 + 3890?
23a69
In base 16, what is -2f1da - b81?
-2fd5b
In base 7, what is 14062 - -3211?
20303
In base 7, what is -4 + 44543446?
44543442
In base 12, what is 31124 + -42?
310a2
In base 12, what is -1965125 - 2?
-1965127
In base 16, what is 426 + -7c4?
-39e
In base 16, what is 1d - -8af2a?
8af47
In base 2, what is 111101111000001111111001110 + -11?
111101111000001111111001011
In base 10, what is -39385175 - -1?
-39385174
In base 3, what is -1012 + 1002212201000?
1002212122211
In base 10, what is -18273 + 1117?
-17156
In base 4, what is 100112323000120 + 0?
100112323000120
In base 2, what is -100000 + -11101101110000110111?
-11101101110001010111
In base 9, what is 3 + -7117060?
-7117056
In base 8, what is -11527043 + -5?
-11527050
In base 4, what is 1103 + -12210102311?
-12210101202
In base 2, what is 11101111001101011101 + 111?
111011110011